{"id":386,"date":"2021-06-01T19:25:49","date_gmt":"2021-06-01T17:25:49","guid":{"rendered":"http:\/\/www.posadademenchu.es\/web\/?page_id=386"},"modified":"2021-06-01T19:33:00","modified_gmt":"2021-06-01T17:33:00","slug":"privacidad","status":"publish","type":"page","link":"https:\/\/posadademenchu.es\/web\/privacidad\/","title":{"rendered":"Privacidad"},"content":{"rendered":"\n<p>Tambi\u00e9n puedes consultar la <a href=\"\/web\/legal\">informaci\u00f3n legal<\/a> y la <a href=\"\/web\/cookies\">informaci\u00f3n sobre las cookies<\/a>.<\/p>\n\n\n\n<div class=\"wp-block-themeisle-blocks-advanced-columns has-1-columns has-desktop-equal-layout has-tablet-equal-layout has-mobile-equal-layout has-default-gap has-vertical-unset\" id=\"wp-block-themeisle-blocks-advanced-columns-501e1fd3\"><div class=\"wp-block-themeisle-blocks-advanced-columns-overlay\"><\/div><div class=\"innerblocks-wrap\">\n<div class=\"wp-block-themeisle-blocks-advanced-column\" id=\"wp-block-themeisle-blocks-advanced-column-8582f971\">\n<p>De acuerdo con lo establecido por la Ley Org\u00e1nica 15\/1999, de 13 de diciembre, de Protecci\u00f3n de Datos de Car\u00e1cter Personal (LOPD), el cliente\/usuario queda informado y presta su consentimiento a la incorporaci\u00f3n de sus datos a un fichero de clientes del que es responsable La Posada de Menchu con la finalidad de informarle sobre los productos y servicios solicitados, as\u00ed como el env\u00edo de comunicaciones comerciales sobre los mismos.<\/p>\n\n\n\n<p>Le informamos tambi\u00e9n sobre sus derechos de acceso, rectificaci\u00f3n, cancelaci\u00f3n y oposici\u00f3n, que podr\u00e1 ejercer enviando un correo a la direcci\u00f3n reservas@posadademenchu.es. Le informamos tambi\u00e9n que los datos personales suministrados no ser\u00e1n cedidos ni comunicados, ni siquiera para su conservaci\u00f3n, a terceras personas.<\/p>\n<\/div>\n<\/div><\/div>\n","protected":false},"excerpt":{"rendered":"<p>Tambi\u00e9n puedes consultar la informaci\u00f3n legal y la informaci\u00f3n sobre las cookies.<\/p>\n","protected":false},"author":1,"featured_media":0,"parent":0,"menu_order":0,"comment_status":"closed","ping_status":"closed","template":"","meta":{"neve_meta_sidebar":"full-width","neve_meta_container":"","neve_meta_enable_content_width":"on","neve_meta_content_width":100,"neve_meta_title_alignment":"","neve_meta_author_avatar":"","neve_post_elements_order":"","neve_meta_disable_header":"","neve_meta_disable_footer":"","neve_meta_disable_title":"","neve_meta_reading_time":"","advanced_seo_description":"","jetpack_seo_html_title":"","jetpack_seo_noindex":false,"_themeisle_gutenberg_block_has_review":false,"footnotes":""},"class_list":["post-386","page","type-page","status-publish","hentry"],"jetpack_shortlink":"https:\/\/wp.me\/Pd7Bw5-6e","jetpack_sharing_enabled":true,"_links":{"self":[{"href":"https:\/\/posadademenchu.es\/web\/wp-json\/wp\/v2\/pages\/386","targetHints":{"allow":["GET"]}}],"collection":[{"href":"https:\/\/posadademenchu.es\/web\/wp-json\/wp\/v2\/pages"}],"about":[{"href":"https:\/\/posadademenchu.es\/web\/wp-json\/wp\/v2\/types\/page"}],"author":[{"embeddable":true,"href":"https:\/\/posadademenchu.es\/web\/wp-json\/wp\/v2\/users\/1"}],"replies":[{"embeddable":true,"href":"https:\/\/posadademenchu.es\/web\/wp-json\/wp\/v2\/comments?post=386"}],"version-history":[{"count":2,"href":"https:\/\/posadademenchu.es\/web\/wp-json\/wp\/v2\/pages\/386\/revisions"}],"predecessor-version":[{"id":394,"href":"https:\/\/posadademenchu.es\/web\/wp-json\/wp\/v2\/pages\/386\/revisions\/394"}],"wp:attachment":[{"href":"https:\/\/posadademenchu.es\/web\/wp-json\/wp\/v2\/media?parent=386"}],"curies":[{"name":"wp","href":"https:\/\/api.w.org\/{rel}","templated":true}]}}

<p>También puedes consultar la <a href="/web/legal">información legal</a> y la <a href="/web/cookies">información sobre las cookies</a>.</p>



<div class="wp-block-themeisle-blocks-advanced-columns has-1-columns has-desktop-equal-layout has-tablet-equal-layout has-mobile-equal-layout has-default-gap has-vertical-unset" id="wp-block-themeisle-blocks-advanced-columns-501e1fd3"><div class="wp-block-themeisle-blocks-advanced-columns-overlay"></div><div class="innerblocks-wrap">
<div class="wp-block-themeisle-blocks-advanced-column" id="wp-block-themeisle-blocks-advanced-column-8582f971">
<p>De acuerdo con lo establecido por la Ley Orgánica 15/1999, de 13 de diciembre, de Protección de Datos de Carácter Personal (LOPD), el cliente/usuario queda informado y presta su consentimiento a la incorporación de sus datos a un fichero de clientes del que es responsable La Posada de Menchu con la finalidad de informarle sobre los productos y servicios solicitados, así como el envío de comunicaciones comerciales sobre los mismos.</p>



<p>Le informamos también sobre sus derechos de acceso, rectificación, cancelación y oposición, que podrá ejercer enviando un correo a la dirección reservas@posadademenchu.es. Le informamos también que los datos personales suministrados no serán cedidos ni comunicados, ni siquiera para su conservación, a terceras personas.</p>
</div>
</div></div>

<p>También puedes consultar la información legal y la información sobre las cookies.</p>
